- 8*i + 238. What are the prime factors of d?
2, 43
Suppose 5*y = 4*z + 930, -3*z = -5*y - 4*z + 955. Suppose 0 = -2*u + 3*o + 84, -69 + y = 3*u - 2*o. What are the prime factors of u?
3, 13
Let s be ((-10)/(-15))/(2/3). What are the prime factors of 31 + (s + -3 - 0)?
29
Let j(n) = -4 + 26*n**3 + 3 + n + 0. List the prime factors of j(1).
2, 13
Suppose 0 = 16*x - 24*x + 1784. What are the prime factors of x?
223
Let g be (3 + -2)*(0 + 2). Suppose 2*s - g*l - 54 = -22, 4*l = 3*s - 45. What are the prime factors of s?
19
Let n(q) = q**2 + 33*q - 94. What are the prime factors of n(-37)?
2, 3
Let i = 37 - -28. What are the prime factors of i?
5, 13
Suppose 5 = 5*w - 5. Suppose -w*r + r + 9 = 0. What are the prime factors of r?
3
Suppose 12*j + 40 = 13*j. What are the prime factors of j?
2, 5
Suppose -3*a = -77 + 5. Suppose -2*m + a = m. Suppose 2*u - 2*b - 33 + 11 = 0, -2*u - 4*b = m. List the prime factors of u.
2, 3
Let m(z) = -z**3 + 11*z**2 + 5*z + 8. What are the prime factors of m(10)?
2, 79
Let m(a) = -a + 1. Let b be m(-3). Suppose -6*p + 66 = -b*p. List the prime factors of p.
3, 11
Suppose i + 1 - 9 = -2*p, -4*i = -8. Let a = 12 - -11. Suppose y = -4*y - p*h + 71, -3*h + a = 2*y. What are the prime factors of y?
2
Suppose -2*t + 220 = 2*t. Let y = t + -29. List the prime factors of y.
2, 13
Let p(k) = k**3 + 5*k**2 + 5*k - 1. Let b be p(-4). Let n = b - -25. List the prime factors of n.
2, 5
Let m = -10 + 4. Let c be 2 + 5 + -2 - 2. Let o = c - m. List the prime factors of o.
3
Let p(g) = -3*g + 2. Let y be p(2). Let i = -5 + 20. Let m = i + y. What are the prime factors of m?
11
Suppose -2*r + 3*r = 20. Let x = r - 10. What are the prime factors of x?
2, 5
Suppose 3*m = -42 - 18. Let g be ((-3)/(-6))/((-2)/m). Let o(j) = j**2 - 3*j - 5. List the prime factors of o(g).
5
Suppose -g + 243 = r, 2*r - 4*g - 506 = -2*g. What are the prime factors of r?
2, 31
Let h(f) = -f**3 - 4*f**2 - 3*f - 2. Let v be h(-5). What are the prime factors of (v/(-10))/((-3)/15)?
19
Let u be (21/(-14))/(6/8). List the prime factors of 1 - u - 0/2.
3
What are the prime factors of 1980/42 + (-1)/7?
47
Let n(u) = -u**2 + 9*u + 11. Let j be n(10). List the prime factors of (-3 - -4)*9*j.
3
Suppose 3*m - 23 = 2*m. List the prime factors of m.
23
Let g = -33 - -23. What are the prime factors of ((-77)/(-35))/((-2)/g)?
11
Suppose -8 - 24 = -2*a. What are the prime factors of a?
2
Suppose -596 = -y - 3*y + 2*l, 0 = 5*l - 10. Suppose 3*x = 8*x - y. List the prime factors of x.
2, 3, 5
Let x(o) = -o**3 + 9*o**2 + 13*o - 9. List the prime factors of x(10).
3, 7
Suppose 5 = 2*k - 1. List the prime factors of 1*k/(-3)*-10.
2, 5
Suppose 4*x + 4 = -5*l, -3*x + 5*x + 2 = 3*l. Let u = 23 - l. What are the prime factors of u?
23
Let b(f) = f**3 - 10*f**2 + 2*f + 1. What are the prime factors of b(10)?
3, 7
Let c(g) be the second derivative of 5*g**3/6 - g**2 + g. Suppose 2*x + 0 - 4 = -l, -12 = -4*x - l. What are the prime factors of c(x)?
2, 3
List the prime factors of (-1)/3*3*71/(-1).
71
Let s = 3 + 7. Suppose 2*g + 32 = 4*v, s*v - g = 5*v + 37. What are the prime factors of v?
7
Suppose 3*u = 5*u - 6. Suppose -10 = -u*o - 1. What are the prime factors of (-2)/o*(-42)/4?
7
Let p be (0 + (1 - 0))*1. Suppose f - p = 15. What are the prime factors of f?
2
Let s(w) = -w + 1. Let r(c) = -7*c + 4. Let k(d) = r(d) - 4*s(d). Let o be k(-3). Let h = 20 - o. What are the prime factors of h?
11
Let m be 10 + -9 - 3/(-1). Suppose -4*s - 4 - 8 = 0, 0 = -x - m*s + 36. What are the prime factors of x?
2, 3
List the prime factors of ((-7)/((-21)/180))/(3/4).
2, 5
Let c(g) = 4*g**2 - 5*g + 2. Suppose -s - 8 = -3*s. List the prime factors of c(s).
2, 23
Suppose -7*k - 2*y - 2 = -2*k, -3*y = -2*k - 16. Let r(h) = 9*h**2 + 2*h. What are the prime factors of r(k)?
2
What are the prime factors of (-234)/(-10) - 3/(-5)?
2, 3
Suppose -4*y + 1 = -11, -y + 3 = 5*q. Suppose 0 = -2*r - 5*u + 13, -5*r + q*u - 4*u = -75. What are the prime factors of r?
19
Let k(n) = 5*n + 4. Let g(t) = 25*t + 21. Let a(l) = -2*g(l) + 11*k(l). Let m(b) = -25*b - 11. Let i(f) = 11*a(f) + 2*m(f). List the prime factors of i(3).
3, 5
Let z(n) = 3*n - 2. What are the prime factors of z(6)?
2
Let u(k) = 14*k. What are the prime factors of u(3)?
2, 3, 7
List the prime factors of -2 - 3 - (-1080)/12.
5, 17
Let k = 9 + -5. Let x(h) = 4*h - 3. What are the prime factors of x(k)?
13
Let n(m) = 2*m - 1. Let d(j) = 2*j + 2. Let b(o) = -2*o - 2. Let t(g) = 3*b(g) + 2*d(g). Let w be t(-4). List the prime factors of n(w).
11
Let s = 1 + -1. Suppose -2*o + 4*o - 108 = s. Suppose 2*b + o = 4*g - 0*b, 5*g - 66 = 3*b. What are the prime factors of g?
3, 5
Let x(c) = -c**3 - 7*c**2 + 7*c - 5. Let f be x(-8). Suppose -4*n + r = 20 - 108, -f*r = -12. List the prime factors of n.
23
Let y(l) = -2*l**2 - 15*l + 17. Let u be y(10). List the prime factors of u/(-12) - (-3)/12.
2, 7
Let q = -7 - -22. What are the prime factors of q?
3, 5
Let y = 3 + 11. Suppose 4*n + n - y = -t, 4*n = 2*t - 28. What are the prime factors of t?
2, 7
Suppose 0*f - 104 = -4*f. What are the prime factors of f?
2, 13
What are the prime factors of (3/3)/((-7)/(-399))?
3, 19
Let k(o) be the first derivative of o**4/4 + 2*o**3 - 7*o**2/2 - 7*o - 2. List the prime factors of k(-6).
5, 7
Suppose 0 = -t + 6*t - 95. What are the prime factors of t?
19
What are the prime factors of 2*4/(-4) - -128?
2, 3, 7
Let o(l) be the second derivative of -l**5/20 - l**4/2 + l**3 + 11*l**2/2 - 2*l. List the prime factors of o(-7).
2, 3
Let j = 9 - -5. List the prime factors of j.
2, 7
Let s = 72 - 16. List the prime factors of s.
2, 7
Let m = -62 - -36. Let u = 15 - m. List the prime factors of u.
41
What are the prime factors of (-60)/45 + 416/6?
2, 17
Let t = -35 - -129. Suppose -4*f - 26 = -t. List the prime factors of f.
17
Let b = 68 + -99. Let t = -22 - b. List the prime factors of t.
3
Let l be 50/(-8) - (-2)/8. Let w(p) = -p**3 - 6*p**2 - p - 2. Let u be w(l). Suppose u*k - 4 = 20. What are the prime factors of k?
2, 3
Suppose 0 = 2*m - v - 49, 3*m - 57 - 21 = -3*v. List the prime factors of m.
5
Let z = 193 + -124. What are the prime factors of z?
3, 23
Suppose -32 + 5 = -3*g. Suppose -2*i = i - 5*q - 9, -4*q + 3 = i. Suppose 5*l + g = x, 2*x - i*l - 12 = l. List the prime factors of x.
2
Let z(t) = -t + 1. Let h(j) = -14*j + 5. Let m(p) = -h(p) + 6*z(p). List the prime factors of m(2).
17
Let r = -123 - -88. Let v = r + 99. Suppose -3*j = 5*l - 60, -36 - v = -5*l + 5*j. What are the prime factors of l?
3, 5
Suppose 378 + 98 = -4*s. What are the prime factors of (-2)/(-8) - s/4?
2, 3, 5
Let l be (-1)/(3 - 184/60). Suppose 2*m = 5*u - 80, 2*m + l = u - 9. List the prime factors of u.
2, 7
Let j = 34 - 2. List the prime factors of j.
2
Suppose 312 = -23*n + 27*n. What are the prime factors of n?
2, 3, 13
What are the prime factors of (92/(-10))/(2/(-5))?
23
Suppose 0*p = -2*p + 20. Suppose s - p + 0 = 0. List the prime factors of s.
2, 5
Suppose 4*h = 2*h + 4. Suppose -t = 3*z + t - 31, h*t + 57 = 5*z. Let b = z + -5. List the prime factors of b.
2, 3
Suppose -5*d + 20 = 0, g - 5*d + 17 = -0*g. Suppose 0 = 4*a - 85 - g. List the prime factors of a.
2, 11
Suppose -k + 5*k - 20 = 0. Let u(d) be the third derivative of d**6/120 - d**5/10 + 7*d**4/24 - d**3/6 - d**2. List the prime factors of u(k).
3
Suppose -5*c + 2*k + 13 = 0, c + 5*k - k - 7 = 0. List the prime factors of ((-42)/4)/c*-2.
7
Suppose -3*h + 28 = -2*h + 5*x, 4*h - 44 = -3*x. List the prime factors of (-825)/(-39) + h/(-52).
3, 7
List the prime factors of (-189)/(-15) + (-2)/(-5).
13
Suppose 4*p = p + 216. Suppose 5*r + 2 = p. What are the prime factors of r?
2, 7
Let h(a) = 19*a - 1. Let f be h(-1). What are the prime factors of -8 - f - (-4)/2?
2, 7
Let w(v) = -v**2 - 12*v - 3. Let q be w(-11). Let c be 6/4*q/(-12). What are the prime factors of 16 - 9 - (c + 4)?
2
Suppose 4*s = -7*i + 3*i + 1172, 2*s - 576 = 3*i. List the prime factors of s.
3, 97
Let v be (2 + 7)*(-1)/(-3). Suppose -g = 4*m, -v*g + m - 26 = -0*m. List the prime factors of g/12 - (-14)/3.
2
Let f(k) = 5*k**2 + 35*k - 19. Let u(v) = -v**2 + 3*v**2 - 2*v - 6 + 14*v. Let c(j) = 3*f(j) - 8*u(j). What are the prime factors of c(7)?
5
Suppose 0 = 5*k -